*q + 9. Let y be m(-6). Let g be -1 + 2 - 23 - -2. Let s = y + g. List the prime factors of s.
13
Let v be (0 - -3)/((-2)/(-30)). Suppose v = 5*a - 10. List the prime factors of a.
11
Suppose 6*t = t + 15. Suppose 0 = -t*b + 60 - 21. List the prime factors of b.
13
Let b = 1 - -1. Let x be b - (1 - 1) - 0. Suppose 0 = -3*h + x*h + 20. What are the prime factors of h?
2, 5
Let v(h) = 55*h - 8. List the prime factors of v(5).
3, 89
Suppose -2*o = 1 - 15. Let b(h) = -h**2 + 10*h - 5. Let q be b(o). Let c = 34 - q. List the prime factors of c.
2, 3
Let q(m) = -m**3 + 3*m**2 + 6*m. Let i be q(5). Let z = 24 + i. What are the prime factors of z?
2
Let s(a) = a - 1. Let p be s(11). Suppose -8*x = -p*x + 62. List the prime factors of x.
31
Suppose -6*z = -574 - 116. What are the prime factors of z?
5, 23
Let o = 60 + -35. List the prime factors of o.
5
Suppose 3*o = d + 16, -5*o + 4*d + 0*d = -29. Let v = o + -3. List the prime factors of v.
2
Suppose -6*v = -4*v. Suppose v*c - 3*c = -96. What are the prime factors of c?
2
Let d = 53 + -30. Suppose -d - 1 = -a. What are the prime factors of a?
2, 3
Let j = 55 - 16. Suppose -j = 2*i + 2*u + u, 2*u = 2*i + 44. Let x = i + 31. List the prime factors of x.
2, 5
List the prime factors of (-11*(7 + -2))/(-1).
5, 11
What are the prime factors of ((-5)/10)/(5/(-2770))?
277
Suppose -2*m + 1 = -7. What are the prime factors of ((-4)/(-2) - m) + 7?
5
Let p be -3*(-1)/(-6)*2. List the prime factors of 13 - p - (10 + -10).
2, 7
Let x(d) = -d**3 + 3*d - 5. List the prime factors of x(-4).
47
Let x(h) = 12*h**2 - h - 3. List the prime factors of x(3).
2, 3, 17
Let y = -98 - -214. List the prime factors of y.
2, 29
Let o be 15/3 - (-1)/1. What are the prime factors of (o/18)/((-2)/(-114))?
19
Suppose l + 3*l + 8 = 0. Let i be (-3 + 4/(-5))*-5. Let s = i + l. What are the prime factors of s?
17
Let u = -5 - -5. Suppose j + 3 = t - 3, u = 3*j - 12. What are the prime factors of t?
2, 5
Suppose 0*p - 5*p + 25 = 0. Suppose 0 = -5*d - 2*f - 28, 2*d - p*f + 35 = -3*d. Let b(z) = -z**3 - 6*z**2 - z - 4. What are the prime factors of b(d)?
2
List the prime factors of (-2)/5 - 84/(-10).
2
Suppose 0 = -6*j - 4*j + 2110. What are the prime factors of j?
211
List the prime factors of 2 + 723/15 + 1/(-5).
2, 5
Let y = -16 - -55. List the prime factors of y.
3, 13
Let q(c) = -c**3 - 8*c**2 - 9*c - 2. Suppose 3*i - 5 = -2*v - 0, -5*v + 2 = -3*i. Let h be 40/(-6) + i/(-3). List the prime factors of q(h).
2, 3
Let v be (12/(-18))/((-2)/30). Let r = -7 + v. Suppose -r*g = g - 64. What are the prime factors of g?
2
Suppose 0 = -57*m + 61*m - 508. List the prime factors of m.
127
What are the prime factors of 26*9/6 - -2?
41
Let a be (-2)/6 + (-80)/(-15). Suppose a*u - 40 = -2*w, -5*w = 4*u - 8*u + 65. Let z = -7 + u. List the prime factors of z.
3
Let w(j) = j**3 + 3*j**2 + j. Let x = 8 + -11. Let r be w(x). List the prime factors of r/1*(-22)/6.
11
Suppose 2*b + 3 = 11. Suppose -3*g + 4*g - b = -q, -g + 12 = -q. What are the prime factors of g?
2
Let a(i) = i**3 + 8*i**2 + 5*i - 6. Let y be a(-6). Let z = y - 26. What are the prime factors of z?
2, 5
Let h(v) = 4 + 3*v + 27*v - 6. List the prime factors of h(1).
2, 7
Let t be 5/(0 - 1/2). Let g = t - -26. Suppose 4*p = -2*q - 2*q + g, -4*q = -p + 14. What are the prime factors of p?
2, 3
Let r = 12 + -10. Suppose 0 = c - r*y - 1 - 0, -4*y = -4*c + 24. List the prime factors of c.
11
Let l(d) = -d**2 - 4*d - 1. Let r be l(-4). What are the prime factors of (-6 + 5)*(r - 23)?
2, 3
Let b(q) = q**2 - 6*q + 3. Let d be b(5). List the prime factors of d - (-68)/(-6)*-3.
2
Suppose 0 = 4*g + 2*y - 3*y - 393, 0 = 3*g + y - 293. What are the prime factors of g?
2, 7
Let b = 10 + -13. List the prime factors of 5/(-2)*-2 + b.
2
Let q(h) = -2*h**2 + 7*h - 1. Let w be 2*(-3 - 33/(-6)). Let x be q(w). What are the prime factors of (1*-1)/(2/x)?
2
Suppose 0*o + 3*o = 3*u - 156, -2*u - 3*o = -84. List the prime factors of u.
2, 3
Let y = 1 + 2. Suppose -61 = -y*i - 10. List the prime factors of i.
17
Let i(m) be the second derivative of -m**3/2 - m**2/2 - 3*m. List the prime factors of i(-2).
5
Let u = 24 + 17. What are the prime factors of u?
41
Let f(c) = -c**2 - c**3 + 4*c**2 - 2*c**2 + 10. What are the prime factors of f(0)?
2, 5
Suppose -u = -4*k + 11 + 25, -2*k + 32 = -4*u. Suppose -4 = -3*p + k. Suppose 11 = -p*s + 47. What are the prime factors of s?
3
Let n = 6 + -4. Suppose -4*m - n*v + 35 = 5, 5*m - 39 = -4*v. What are the prime factors of m?
7
Let y be 5 - (-1)/2*-2. Let i be 414/21 - y/(-14). Suppose -2*n + i = 3*n. List the prime factors of n.
2
Let h(t) = -t - 2. Let r be h(-4). Suppose q = -r*q. Suppose 2*l + 5 - 19 = q. List the prime factors of l.
7
Suppose 15 = -4*v + 35. Suppose 24 = -v*k + 7*k. List the prime factors of k.
2, 3
What are the prime factors of ((-16)/4)/4 + 27?
2, 13
Let j(m) = m**3. Let u = 0 - -2. Suppose -u*q + 3*q = 2. What are the prime factors of j(q)?
2
Let i be (-3)/(-12) + 30/8. Let r(n) = 3*n + 4. What are the prime factors of r(i)?
2
Let y(q) = q - 2. Let z(t) = 3*t**2 + 3*t + 1. Let p be z(-2). Let n be y(p). Let x = 6 + n. List the prime factors of x.
11
Let v be -1 - (-2 + -1) - 12. Let g = v + 10. Suppose -x - x + 12 = g. List the prime factors of x.
2, 3
Let q = -6 + 11. Suppose -26 = -q*b + 9. What are the prime factors of b?
7
Let a be 2/(-4) - 10/(-4). Suppose -4*n = -a*f + 32, f - 32 = -f + n. What are the prime factors of f?
2
Let u(s) = s**3 + 2*s**2 + 2. Let i be u(-2). Suppose -i*v = -3*v - 2. Let w = 8 - v. List the prime factors of w.
2, 5
Let d = 1 - -13. Let r(n) = 4*n - 9. List the prime factors of r(d).
47
Suppose 0 = 3*d - 92 - 76. Suppose -76 = -3*c + d. Let i = -31 + c. What are the prime factors of i?
13
What are the prime factors of (-30)/(5/((-20)/8))?
3, 5
Let q = 171 + -96. What are the prime factors of q?
3, 5
Let g(w) = -8*w. Let l be g(-1). Let q(b) = b**3 - 9*b**2 + 8*b - 2. Let p be q(8). Let m = l - p. List the prime factors of m.
2, 5
List the prime factors of ((-6)/8)/(33/(-88)).
2
Suppose 10 = h - 2*t - 0, -5*t = -3*h + 31. Suppose -2*y + 4 = -h. List the prime factors of y.
2
Let g(l) be the first derivative of -2*l**2 - l - 2. What are the prime factors of g(-6)?
23
Suppose 168 = 3*m - 3*v, -3*m + 2*v - 41 + 204 = 0. List the prime factors of m.
3, 17
Let m be 3/(-3*(-2)/4). Suppose 2*l = -0*b - 2*b - m, 4*b = -5*l - 9. What are the prime factors of b?
2
Let w(k) = -13*k**3 - k. Let c be w(-1). Let v = c - 9. Let t = 17 - v. What are the prime factors of t?
2, 3
Let f = -65 + 127. What are the prime factors of f?
2, 31
Suppose q - 147 = -2*q + 3*m, m = -4*q + 206. List the prime factors of q.
3, 17
Let o(d) = 2*d**3 + 2*d + 1. Let q be o(-1). Let j be (-28)/q + (-2)/6. Let p = j - 0. List the prime factors of p.
3
Let o = 32 - -2. What are the prime factors of o?
2, 17
Suppose 0 = -4*s - b + 36, -5*s + 45 = -b - b. Suppose 0 = n - 1 - s. What are the prime factors of n?
2, 5
Let l(j) = j**2 - 12*j + 19. What are the prime factors of l(13)?
2
Let z(n) = -n - 4. Let o be z(-8). Let u = 4 - o. Suppose u = -3*w + v + 5, 5*w - 11 = -0*v + v. What are the prime factors of w?
3
Let i = -31 - -57. List the prime factors of i.
2, 13
Let a = -18 - -17. Let t = a - -10. What are the prime factors of t?
3
Suppose -5*n + 15 = -5, -3*q + 91 = n. What are the prime factors of q?
29
Suppose -4 = -4*d - 0*d - 4*x, 5*d - 5*x = -25. What are the prime factors of (1 + d)/((-4)/28)?
7
Suppose -3*w + 6 = 3*b, 2*w + 5 + 1 = 3*b. Suppose -b*g + 9 = p, -p + 13 = 3*g - 2. What are the prime factors of ((-24)/(-10))/(g/20)?
2
Let k be (3 - 1)/(2/4). Suppose k*g - 2*g = 0. Suppose 0 = -2*c + 3*c + 2*v - 16, g = 4*c - 4*v - 28. What are the prime factors of c?
2, 5
Suppose 7*p + 11 = 5*d + 3*p, -2*d - 2*p = -8. Suppose d = -2*f + 5, f = w - 14. List the prime factors of w.
3, 5
Let f = 11 + -7. Suppose 3*p - 2*g + g = 4, f*p + 3*g = -12. Suppose p = -c - 5*x, 2*c - 3*c = -2*x - 21. List the prime factors of c.
3, 5
Suppose 3*s + x = 4*s - 22, 0 = 4*s + 3*x - 67. Suppose 0 = 2*p + 3*g - s, 3*p - 2*g = 3*g + 38. What are the prime factors of p?
11
Let z(u) = 15*u**2 - u. Let h = 9 - 9. Suppose h*l = -3*l - 3. List the prime factors of z(l).
2
S